{"id":76,"date":"2024-05-12T11:52:03","date_gmt":"2024-05-12T09:52:03","guid":{"rendered":"https:\/\/aio.com.pl\/newbalance-aio\/?post_type=product&#038;p=76"},"modified":"2026-01-22T19:42:48","modified_gmt":"2026-01-22T18:42:48","slug":"new-balance-logic-boa-czarno-pomaranczowe","status":"publish","type":"product","link":"https:\/\/aio.com.pl\/newbalance-aio\/produkt\/new-balance-logic-boa-czarno-pomaranczowe\/","title":{"rendered":"New Balance Logic Boa czarno pomara\u0144czowe"},"content":{"rendered":"<p>Buty robocze New Balance Logic BOA, S1 PL SR FO HRO ESD, w kolorze czarnym\/pomara\u0144czowym.<\/p>\n<p>Model NB Logic BOA zosta\u0142 stworzony dla profesjonalist\u00f3w, kt\u00f3rzy ceni\u0105 sobie komfort w miejscu pracy. Innowacyjne zapi\u0119cie BOA u\u0142atwia zak\u0142adanie i zdejmowanie obuwia. Cholewka z trwa\u0142ego materia\u0142u tekstylnego zapewnia swobodny przep\u0142yw powietrza, a specjalna konstrukcja cholewy chroni wn\u0119trze buta przed zanieczyszczeniami. ACTEVA, wysokiej klasy, lekka pianka tworz\u0105ca podeszw\u0119 \u015brodkow\u0105 zapewnia doskona\u0142\u0105 amortyzacj\u0119 oraz jest odporna na zgniecenia. Podeszwa w modelu NB Logic BOA jest antypo\u015blizgowa, odporna na oleje i paliwa oraz chroni stop\u0119 przed ciep\u0142em kontaktowym do 300\u00b0C.<\/p>\n<p><strong>W\u0142a\u015bciwo\u015bci produktu:<\/strong><\/p>\n<ul>\n<li>Antypo\u015blizgowa podeszwa<\/li>\n<li>Absorpcja energii w cz\u0119\u015bci pi\u0119ty<\/li>\n<li>Antyprzebiciowa podeszwa<\/li>\n<li>W\u0142a\u015bciwo\u015bci antyelektrostatyczne ESD<\/li>\n<li>Podeszwa odporna na ciep\u0142o kontaktowe do 300\u00b0C<\/li>\n<li>Odporno\u015b\u0107 podeszwy na oleje i paliwa<\/li>\n<li>Kompozytowy podnosek<\/li>\n<li>Innowacyjne zapi\u0119cie BOA<\/li>\n<li>Nowoczesny, stylowy wygl\u0105d<\/li>\n<\/ul>\n<p><strong>Zastosowanie:<\/strong><\/p>\n<ul>\n<li>Przemys\u0142 logistyczny<\/li>\n<li>Przemys\u0142 budowlany<\/li>\n<li>Prace magazynowe<\/li>\n<li>Produkcja<\/li>\n<li>Przemys\u0142 motoryzacyjny<\/li>\n<li>Prace na zewn\u0105trz w zmiennych warunkach pogodowych<\/li>\n<\/ul>\n<p><a href=\"https:\/\/aio.com.pl\/newbalance-aio\/sklep\/\">New Balance AiO<\/a><\/p>\n","protected":false},"excerpt":{"rendered":"<p>New Balance Logic BOA, S1 PL SR FO HRO ESD. Buty Model NB Logic BOA zosta\u0142 stworzony dla profesjonalist\u00f3w, kt\u00f3rzy ceni\u0105 sobie komfort w miejscu pracy. Innowacyjne zapi\u0119cie BOA u\u0142atwia zak\u0142adanie i zdejmowanie obuwia. Cholewka z trwa\u0142ego materia\u0142u tekstylnego zapewnia swobodny przep\u0142yw powietrza, a specjalna konstrukcja cholewy chroni wn\u0119trze buta przed zanieczyszczeniami. ACTEVA, wysokiej klasy, lekka pianka tworz\u0105ca podeszw\u0119 \u015brodkow\u0105 zapewnia doskona\u0142\u0105 amortyzacj\u0119 oraz jest odporna na zgniecenia. Podeszwa w modelu NB Logic BOA jest antypo\u015blizgowa, odporna na oleje i paliwa oraz chroni stop\u0119 przed ciep\u0142em kontaktowym do 300\u00b0C.<\/p>\n","protected":false},"featured_media":217,"template":"","meta":[],"product_brand":[93],"product_cat":[21],"product_tag":[22],"class_list":{"0":"post-76","1":"product","2":"type-product","3":"status-publish","4":"has-post-thumbnail","6":"product_brand-new-balance-industrial","7":"product_cat-new-balance-buty-robocze","8":"product_tag-buty-robocze","10":"first","11":"instock","12":"shipping-taxable","13":"product-type-simple"},"_links":{"self":[{"href":"https:\/\/aio.com.pl\/newbalance-aio\/wp-json\/wp\/v2\/product\/76","targetHints":{"allow":["GET"]}}],"collection":[{"href":"https:\/\/aio.com.pl\/newbalance-aio\/wp-json\/wp\/v2\/product"}],"about":[{"href":"https:\/\/aio.com.pl\/newbalance-aio\/wp-json\/wp\/v2\/types\/product"}],"wp:featuredmedia":[{"embeddable":true,"href":"https:\/\/aio.com.pl\/newbalance-aio\/wp-json\/wp\/v2\/media\/217"}],"wp:attachment":[{"href":"https:\/\/aio.com.pl\/newbalance-aio\/wp-json\/wp\/v2\/media?parent=76"}],"wp:term":[{"taxonomy":"product_brand","embeddable":true,"href":"https:\/\/aio.com.pl\/newbalance-aio\/wp-json\/wp\/v2\/product_brand?post=76"},{"taxonomy":"product_cat","embeddable":true,"href":"https:\/\/aio.com.pl\/newbalance-aio\/wp-json\/wp\/v2\/product_cat?post=76"},{"taxonomy":"product_tag","embeddable":true,"href":"https:\/\/aio.com.pl\/newbalance-aio\/wp-json\/wp\/v2\/product_tag?post=76"}],"curies":[{"name":"wp","href":"https:\/\/api.w.org\/{rel}","templated":true}]}}