{"id":2176,"date":"2025-11-20T08:48:32","date_gmt":"2025-11-20T07:48:32","guid":{"rendered":"https:\/\/aio.com.pl\/newbalance-aio\/?post_type=product&#038;p=2176"},"modified":"2026-01-22T19:08:57","modified_gmt":"2026-01-22T18:08:57","slug":"new-balance-calibre-s3l-bezowe","status":"publish","type":"product","link":"https:\/\/aio.com.pl\/newbalance-aio\/produkt\/new-balance-calibre-s3l-bezowe\/","title":{"rendered":"New Balance Calibre S3L be\u017cowe"},"content":{"rendered":"<p data-start=\"0\" data-end=\"524\">New Balance Calibre oferuje wszystko, czego oczekujesz od solidnego obuwia roboczego. Komfort zapewnia wk\u0142adka NB Comfort, a trwa\u0142o\u015b\u0107 \u2014 gumowa podeszwa zewn\u0119trzna. Dzi\u0119ki cholewce z wysokiej jako\u015bci nubuku, ko\u0142nierzowi Ndure odpornemu na \u015bcieranie oraz wzmocnieniu Toe Protect, Twoje stopy b\u0119d\u0105 odpowiednio chronione i stabilne przez ca\u0142y dzie\u0144. Konstrukcja Debris Free zapewnia dodatkow\u0105 ochron\u0119 przed czynnikami zewn\u0119trznymi, a zamek YKK u\u0142atwia szybkie zak\u0142adanie i zdejmowanie obuwia podczas poruszania si\u0119 po terenie.<\/p>\n<p data-start=\"526\" data-end=\"623\" data-is-last-node=\"\" data-is-only-node=\"\">New Balance Calibre to niezawodny towarzysz w ka\u017cdym miejscu pracy.<br data-start=\"593\" data-end=\"596\" \/><strong data-start=\"596\" data-end=\"623\" data-is-last-node=\"\">KOMFORT W CZASIE PRACY.<\/strong><\/p>\n","protected":false},"excerpt":{"rendered":"<p>New Balance Calibre oferuje wszystko, czego oczekujesz od solidnego obuwia roboczego. Komfort zapewnia wk\u0142adka NB Comfort, a trwa\u0142o\u015b\u0107 \u2014 gumowa podeszwa zewn\u0119trzna. Dzi\u0119ki cholewce z wysokiej jako\u015bci nubuku, ko\u0142nierzowi Ndure odpornemu na \u015bcieranie oraz wzmocnieniu Toe Protect, Twoje stopy b\u0119d\u0105 odpowiednio chronione i stabilne przez ca\u0142y dzie\u0144. Konstrukcja Debris Free zapewnia dodatkow\u0105 ochron\u0119 przed czynnikami zewn\u0119trznymi, a zamek YKK u\u0142atwia szybkie zak\u0142adanie i zdejmowanie obuwia podczas poruszania si\u0119 po terenie.<\/p>\n","protected":false},"featured_media":2177,"template":"","meta":[],"product_brand":[93],"product_cat":[21],"product_tag":[22],"class_list":{"0":"post-2176","1":"product","2":"type-product","3":"status-publish","4":"has-post-thumbnail","6":"product_brand-new-balance-industrial","7":"product_cat-new-balance-buty-robocze","8":"product_tag-buty-robocze","10":"first","11":"instock","12":"shipping-taxable","13":"product-type-simple"},"_links":{"self":[{"href":"https:\/\/aio.com.pl\/newbalance-aio\/wp-json\/wp\/v2\/product\/2176","targetHints":{"allow":["GET"]}}],"collection":[{"href":"https:\/\/aio.com.pl\/newbalance-aio\/wp-json\/wp\/v2\/product"}],"about":[{"href":"https:\/\/aio.com.pl\/newbalance-aio\/wp-json\/wp\/v2\/types\/product"}],"wp:featuredmedia":[{"embeddable":true,"href":"https:\/\/aio.com.pl\/newbalance-aio\/wp-json\/wp\/v2\/media\/2177"}],"wp:attachment":[{"href":"https:\/\/aio.com.pl\/newbalance-aio\/wp-json\/wp\/v2\/media?parent=2176"}],"wp:term":[{"taxonomy":"product_brand","embeddable":true,"href":"https:\/\/aio.com.pl\/newbalance-aio\/wp-json\/wp\/v2\/product_brand?post=2176"},{"taxonomy":"product_cat","embeddable":true,"href":"https:\/\/aio.com.pl\/newbalance-aio\/wp-json\/wp\/v2\/product_cat?post=2176"},{"taxonomy":"product_tag","embeddable":true,"href":"https:\/\/aio.com.pl\/newbalance-aio\/wp-json\/wp\/v2\/product_tag?post=2176"}],"curies":[{"name":"wp","href":"https:\/\/api.w.org\/{rel}","templated":true}]}}