{"id":2150,"date":"2025-11-19T13:03:31","date_gmt":"2025-11-19T12:03:31","guid":{"rendered":"https:\/\/aio.com.pl\/newbalance-aio\/?post_type=product&#038;p=2150"},"modified":"2026-01-22T18:49:04","modified_gmt":"2026-01-22T17:49:04","slug":"new-balance-logic-womens-s1-pl-czarno-niebieskie","status":"publish","type":"product","link":"https:\/\/aio.com.pl\/newbalance-aio\/produkt\/new-balance-logic-womens-s1-pl-czarno-niebieskie\/","title":{"rendered":"New Balance Logic Womens S1 PL czarno niebieskie"},"content":{"rendered":"<p>Buty New Balance Logic dla kobiet. Wszystkie zalety buta do biegania New Balance po\u0142\u0105czono tutaj z funkcjami niezb\u0119dnymi w lekkim, zwinnym obuwiu ochronnym, tworz\u0105c model Logic dla kobiet. Zaprojektowany specjalnie z my\u015bl\u0105 o kobiecej stopie, w po\u0142\u0105czeniu z technologi\u0105 podeszwy \u015brodkowej ACTEVA i wk\u0142adk\u0105 NB Comfort, zapewnia komfort i ochron\u0119 w r\u00f3\u017cnorodnych \u015brodowiskach pracy.<\/p>\n<p>KOMFORT W CZASIE PRACY.<\/p>\n","protected":false},"excerpt":{"rendered":"<p>Buty New Balance Logic dla kobiet. Wszystkie zalety buta do biegania New Balance po\u0142\u0105czono tutaj z funkcjami niezb\u0119dnymi w lekkim, zwinnym obuwiu ochronnym, tworz\u0105c model Logic dla kobiet.<\/p>\n","protected":false},"featured_media":2151,"template":"","meta":[],"product_brand":[93],"product_cat":[21],"product_tag":[22],"class_list":{"0":"post-2150","1":"product","2":"type-product","3":"status-publish","4":"has-post-thumbnail","6":"product_brand-new-balance-industrial","7":"product_cat-new-balance-buty-robocze","8":"product_tag-buty-robocze","10":"first","11":"instock","12":"shipping-taxable","13":"product-type-simple"},"_links":{"self":[{"href":"https:\/\/aio.com.pl\/newbalance-aio\/wp-json\/wp\/v2\/product\/2150","targetHints":{"allow":["GET"]}}],"collection":[{"href":"https:\/\/aio.com.pl\/newbalance-aio\/wp-json\/wp\/v2\/product"}],"about":[{"href":"https:\/\/aio.com.pl\/newbalance-aio\/wp-json\/wp\/v2\/types\/product"}],"wp:featuredmedia":[{"embeddable":true,"href":"https:\/\/aio.com.pl\/newbalance-aio\/wp-json\/wp\/v2\/media\/2151"}],"wp:attachment":[{"href":"https:\/\/aio.com.pl\/newbalance-aio\/wp-json\/wp\/v2\/media?parent=2150"}],"wp:term":[{"taxonomy":"product_brand","embeddable":true,"href":"https:\/\/aio.com.pl\/newbalance-aio\/wp-json\/wp\/v2\/product_brand?post=2150"},{"taxonomy":"product_cat","embeddable":true,"href":"https:\/\/aio.com.pl\/newbalance-aio\/wp-json\/wp\/v2\/product_cat?post=2150"},{"taxonomy":"product_tag","embeddable":true,"href":"https:\/\/aio.com.pl\/newbalance-aio\/wp-json\/wp\/v2\/product_tag?post=2150"}],"curies":[{"name":"wp","href":"https:\/\/api.w.org\/{rel}","templated":true}]}}