{"id":2122,"date":"2025-11-18T12:33:51","date_gmt":"2025-11-18T11:33:51","guid":{"rendered":"https:\/\/aio.com.pl\/newbalance-aio\/?post_type=product&#038;p=2122"},"modified":"2026-01-22T19:46:09","modified_gmt":"2026-01-22T18:46:09","slug":"new-balance-cremorne-womens-zielono-pomaranczowe","status":"publish","type":"product","link":"https:\/\/aio.com.pl\/newbalance-aio\/produkt\/new-balance-cremorne-womens-zielono-pomaranczowe\/","title":{"rendered":"New Balance Cremorne Womens zielono pomara\u0144czowe"},"content":{"rendered":"<p>New Balance Fresh Foam Cremorne wprowadza technologi\u0119 podeszwy \u015brodkowej Fresh Foam do obuwia ochronnego, po raz pierwszy \u0142\u0105cz\u0105c najwy\u017cszej klasy badania i rozw\u00f3j z potrzebami obuwia przemys\u0142owego. Antystatyczny, kompozytowy podnosek oraz odporna na po\u015blizg i wysok\u0105 temperatur\u0119 podeszwa zewn\u0119trzna sprawiaj\u0105, \u017ce Fresh Foam Cremorne zapewnia komfort, dopasowanie i ochron\u0119, na jakie zas\u0142ugujesz podczas d\u0142ugiego dnia pracy. Technologia podeszwy \u015brodkowej New Balance FRESH FOAM gwarantuje bezkompromisowe wsparcie, amortyzacj\u0119 i elastyczno\u015b\u0107. To nowoczesna, lekka propozycja dla tych, kt\u00f3rzy oczekuj\u0105 trwa\u0142o\u015bci obuwia roboczego bez konieczno\u015bci rezygnowania z wygody ani stylu.<\/p>\n<p>Komfort podczas pracy.<\/p>\n","protected":false},"excerpt":{"rendered":"<p>Buty damskie New Balance Cremorne Womens zielono-pomara\u0144czowe<\/p>\n","protected":false},"featured_media":2123,"template":"","meta":[],"product_brand":[93],"product_cat":[21],"product_tag":[22],"class_list":{"0":"post-2122","1":"product","2":"type-product","3":"status-publish","4":"has-post-thumbnail","6":"product_brand-new-balance-industrial","7":"product_cat-new-balance-buty-robocze","8":"product_tag-buty-robocze","10":"first","11":"instock","12":"shipping-taxable","13":"product-type-simple"},"_links":{"self":[{"href":"https:\/\/aio.com.pl\/newbalance-aio\/wp-json\/wp\/v2\/product\/2122","targetHints":{"allow":["GET"]}}],"collection":[{"href":"https:\/\/aio.com.pl\/newbalance-aio\/wp-json\/wp\/v2\/product"}],"about":[{"href":"https:\/\/aio.com.pl\/newbalance-aio\/wp-json\/wp\/v2\/types\/product"}],"wp:featuredmedia":[{"embeddable":true,"href":"https:\/\/aio.com.pl\/newbalance-aio\/wp-json\/wp\/v2\/media\/2123"}],"wp:attachment":[{"href":"https:\/\/aio.com.pl\/newbalance-aio\/wp-json\/wp\/v2\/media?parent=2122"}],"wp:term":[{"taxonomy":"product_brand","embeddable":true,"href":"https:\/\/aio.com.pl\/newbalance-aio\/wp-json\/wp\/v2\/product_brand?post=2122"},{"taxonomy":"product_cat","embeddable":true,"href":"https:\/\/aio.com.pl\/newbalance-aio\/wp-json\/wp\/v2\/product_cat?post=2122"},{"taxonomy":"product_tag","embeddable":true,"href":"https:\/\/aio.com.pl\/newbalance-aio\/wp-json\/wp\/v2\/product_tag?post=2122"}],"curies":[{"name":"wp","href":"https:\/\/api.w.org\/{rel}","templated":true}]}}