{"id":2108,"date":"2025-11-18T10:28:26","date_gmt":"2025-11-18T09:28:26","guid":{"rendered":"https:\/\/aio.com.pl\/newbalance-aio\/?post_type=product&#038;p=2108"},"modified":"2026-01-22T19:01:28","modified_gmt":"2026-01-22T18:01:28","slug":"new-balance-fresh-foam-cremorne-mid-womens","status":"publish","type":"product","link":"https:\/\/aio.com.pl\/newbalance-aio\/produkt\/new-balance-fresh-foam-cremorne-mid-womens\/","title":{"rendered":"New Balance Fresh Foam Cremorne Mid Womens"},"content":{"rendered":"<p data-start=\"61\" data-end=\"439\">New Balance Fresh Foam Cremorne MID wprowadza technologi\u0119 Fresh Foam do obuwia ochronnego, po raz pierwszy \u0142\u0105cz\u0105c zaawansowane badania i rozw\u00f3j z wymaganiami obuwia przemys\u0142owego. Model ten oferuje ochron\u0119 EH, kompozytowy podnosek oraz antypo\u015blizgow\u0105 i odporn\u0105 na wysok\u0105 temperatur\u0119 podeszw\u0119 zewn\u0119trzn\u0105, a tak\u017ce wy\u015bcie\u0142any ko\u0142nierz w wersji MID, kt\u00f3ry wspiera i chroni kostk\u0119. Fresh Foam Cremorne gwarantuje komfort, dopasowanie i ochron\u0119, na jakie zas\u0142ugujesz podczas d\u0142ugiego dnia pracy. Technologia podeszwy \u015brodkowej New Balance FRESH FOAM zapewnia niezr\u00f3wnane wsparcie, amortyzacj\u0119 i elastyczno\u015b\u0107, oferuj\u0105c nowoczesn\u0105, lekk\u0105 alternatyw\u0119 dla os\u00f3b poszukuj\u0105cych trwa\u0142ego obuwia roboczego bez kompromis\u00f3w w zakresie wygody i stylu. <strong data-start=\"799\" data-end=\"825\" data-is-last-node=\"\">Komfort podczas pracy.<\/strong><\/p>\n","protected":false},"excerpt":{"rendered":"<p>Buty damskie New Balance Fresh Foam Cremorne Mid Womens<\/p>\n","protected":false},"featured_media":2109,"template":"","meta":[],"product_brand":[93],"product_cat":[21],"product_tag":[22],"class_list":{"0":"post-2108","1":"product","2":"type-product","3":"status-publish","4":"has-post-thumbnail","6":"product_brand-new-balance-industrial","7":"product_cat-new-balance-buty-robocze","8":"product_tag-buty-robocze","10":"first","11":"instock","12":"shipping-taxable","13":"product-type-simple"},"_links":{"self":[{"href":"https:\/\/aio.com.pl\/newbalance-aio\/wp-json\/wp\/v2\/product\/2108","targetHints":{"allow":["GET"]}}],"collection":[{"href":"https:\/\/aio.com.pl\/newbalance-aio\/wp-json\/wp\/v2\/product"}],"about":[{"href":"https:\/\/aio.com.pl\/newbalance-aio\/wp-json\/wp\/v2\/types\/product"}],"wp:featuredmedia":[{"embeddable":true,"href":"https:\/\/aio.com.pl\/newbalance-aio\/wp-json\/wp\/v2\/media\/2109"}],"wp:attachment":[{"href":"https:\/\/aio.com.pl\/newbalance-aio\/wp-json\/wp\/v2\/media?parent=2108"}],"wp:term":[{"taxonomy":"product_brand","embeddable":true,"href":"https:\/\/aio.com.pl\/newbalance-aio\/wp-json\/wp\/v2\/product_brand?post=2108"},{"taxonomy":"product_cat","embeddable":true,"href":"https:\/\/aio.com.pl\/newbalance-aio\/wp-json\/wp\/v2\/product_cat?post=2108"},{"taxonomy":"product_tag","embeddable":true,"href":"https:\/\/aio.com.pl\/newbalance-aio\/wp-json\/wp\/v2\/product_tag?post=2108"}],"curies":[{"name":"wp","href":"https:\/\/api.w.org\/{rel}","templated":true}]}}